{"id":284,"date":"2025-06-20T14:27:15","date_gmt":"2025-06-20T14:27:15","guid":{"rendered":"https:\/\/novosite.colegioacademos.com.br\/?page_id=284"},"modified":"2025-06-20T14:34:43","modified_gmt":"2025-06-20T14:34:43","slug":"ensino","status":"publish","type":"page","link":"https:\/\/novosite.colegioacademos.com.br\/index.php\/ensino\/","title":{"rendered":"Ensino"},"content":{"rendered":"\n<h3 class=\"wp-block-heading\">Educa\u00e7\u00e3o Infantil<\/h3>\n\n\n\n<ul class=\"wp-block-list\">\n<li><a href=\"https:\/\/www.colegioacademos.com\/ensino\/#\"><br><\/a>\u00a0Sala de Aula\u00a0<\/li>\n\n\n\n<li><a href=\"https:\/\/www.colegioacademos.com\/ensino\/#\"><br><\/a>\u00a0Parquinho\u00a0<\/li>\n\n\n\n<li><a href=\"https:\/\/www.colegioacademos.com\/ensino\/#\"><br><\/a>\u00a0Clubinho\u00a0<\/li>\n\n\n\n<li><a href=\"https:\/\/www.colegioacademos.com\/ensino\/#\"><br><\/a>\u00a0Clubinho<\/li>\n<\/ul>\n\n\n\n<p><strong>PRINCIPAIS PROJETOS<\/strong><br>\u2013 PSICOMOTRICIDADE;<br>\u2013 TEATRO;<br>\u2013 ARTES;<br>\u2013 LEITURA;<br>\u2013 SA\u00daDE;<br>\u2013 CIDADANIA&nbsp;&nbsp;<\/p>\n\n\n\n<h3 class=\"wp-block-heading\">Ensino Fundamental<\/h3>\n\n\n\n<ul class=\"wp-block-list\">\n<li><a href=\"https:\/\/www.colegioacademos.com\/ensino\/#\"><br><\/a>\u00a0Sala de Aula\u00a0<\/li>\n\n\n\n<li><a href=\"https:\/\/www.colegioacademos.com\/ensino\/#\"><br><\/a>\u00a0Piscina\u00a0<\/li>\n\n\n\n<li><a href=\"https:\/\/www.colegioacademos.com\/ensino\/#\"><br><\/a>\u00a0Quadra Poliesportiva\u00a0<\/li>\n\n\n\n<li><a href=\"https:\/\/www.colegioacademos.com\/ensino\/#\"><br><\/a>\u00a0Laborat\u00f3rio de Inform\u00e1tica\u00a0<\/li>\n<\/ul>\n\n\n\n<p>Nessa fase do desenvolvimento o racioc\u00ednio l\u00f3gico, as express\u00f5es orais e escritas s\u00e3o bem trabalhadas e acompanhadas para evitarmos problemas de dificuldades de aprendizagem no futuro. No entanto, procuramos conhecer em que est\u00e1gio de desenvolvimento cognitivo, afetivo e social a crian\u00e7a se encontra para que possamos trabalhar corretamente as atividades que favorecer\u00e3o o bom desempenho do(a) aluno(a).<br>As atividades sugeridas nessa fase de desenvolvimento s\u00e3o bem din\u00e2micas, diversificadas e competitivas, com experimentos, leituras, situa\u00e7\u00f5es problemas e atividades grupais . As experi\u00eancias de vida dos alunos s\u00e3o valorizadas. Nas s\u00e9ries terminais desse n\u00edvel de ensino, os exerc\u00edcios s\u00e3o constantes para que as crian\u00e7as possam exercitar mais ainda a sua aprendizagem.<strong>PRINCIPAIS PROJETOS<\/strong><br>Identidade Cultural \u2013 valoriza\u00e7\u00e3o da nossa cultura , do nosso folclore e de toda nossa hist\u00f3ria.<br>Nutri\u00e7\u00e3o e Sa\u00fade \u2013 Higiene, alimenta\u00e7\u00e3o, bem estar e qualidade de vida.<br>Arte e Cultura \u2013 Incentivo \u00e0 cultura e produ\u00e7\u00e3o art\u00edstica.<br>Incentivo a Leitura \u2013 Conhecimentos de autores e proporcionar o h\u00e1bito de leitura.<br>Construindo a minha cidadania \u2013 Incentivo \u00e0 participa\u00e7\u00e3o social dos alunos, oportunizando o trabalho social e a conscientiza\u00e7\u00e3o.<strong>AULAS DE CAMPO<\/strong><br>As aulas de campo que ser\u00e3o realizadas durante o ano, n\u00e3o t\u00eam como objetivo maior um passeio, onde as crian\u00e7as ir\u00e3o sair um pouco do col\u00e9gio para passear, e sim uma atividade que facilitar\u00e1 o processo de ensino-aprendizagem, as aulas interdisciplinares trazem toda a ess\u00eancia dos conte\u00fados te\u00f3ricos para situa\u00e7\u00f5es concretas e conseq\u00fcentemente fazem com que a aprendizagem ocorra de uma maneira significativa na vida das crian\u00e7as.<br>O Col\u00e9gio Academos, visando proporcionar ao estudante a oportunidade de usufruir dessa metodologia, organiza juntamente com outras empresas e\/ou institui\u00e7\u00f5es, um programa de visitas que oferece ao aluno conhecimentos de natureza global de acordo com cada n\u00edvel de ensino.&nbsp;<\/p>\n\n\n\n<h3 class=\"wp-block-heading\">Ensino M\u00e9dio<\/h3>\n\n\n\n<ul class=\"wp-block-list\">\n<li><a href=\"https:\/\/www.colegioacademos.com\/ensino\/#\"><br><\/a>\u00a0Propara\u00e7\u00e3o para o ENEM\u00a0<\/li>\n\n\n\n<li><a href=\"https:\/\/www.colegioacademos.com\/ensino\/#\"><br><\/a>\u00a0Sala de Aula\u00a0<\/li>\n\n\n\n<li><a href=\"https:\/\/www.colegioacademos.com\/ensino\/#\"><br><\/a>\u00a0Turma\u00a0<\/li>\n\n\n\n<li><a href=\"https:\/\/www.colegioacademos.com\/ensino\/#\"><br><\/a>\u00a0Turma\u00a0<\/li>\n<\/ul>\n\n\n\n<p>O Col\u00e9gio Academos parte na frente!<br>Projeto pedag\u00f3gico voltado para o mercado de trabalho.<br>Os alunos s\u00e3o estimulados a vivenciarem o problema e simular a solu\u00e7\u00e3o deste.<br>Essa metodologia favorece o sucesso no mercado de trabalho e na qualidade de vida.<strong>PROJETOS<\/strong><br>\u2013 CAMPANHA DA FRATERNIDADE;<br>\u2013 DIA INTERNACIONAL DA MULHER;<br>\u2013 DIA DA POESIA;<br>\u2013 ELEI\u00c7\u00d5ES DE L\u00cdDERES;<br>\u2013 SEMANA DA SA\u00daDE;<br>\u2013 SEMANA DO LIVRO(incentivo a leitura);<br>\u2013 CONCURSO DE REDA\u00c7\u00c3O;<br>\u2013 SEMANA DO MEIO AMBIENTE;<br>\u2013 FESTA JUNINA;<br>\u2013 COMEMORA\u00c7\u00c3O DO DIA DO ESTUDANTE;<br>\u2013 PROJETO DE ORIENTA\u00c7\u00c3O VOCACIONAL (opcional)<br>\u2013 DIA MUNDIAL DO COMBATE AO FUMO;<br>\u2013 DIA DA P\u00c1TRIA;<br>\u2013 AMOSTRA CULTURAL;<br>\u2013 OLIMP\u00cdADA DE MATEM\u00c1TICA<br>\u2013 VISITAS (de acordo com o conte\u00fado program\u00e1tico)<br>\u2013 AULAS DE CAMPO.&nbsp;&nbsp;<\/p>\n\n\n\n<h3 class=\"wp-block-heading\">Sistema Integral \u2013 SIA<\/h3>\n\n\n\n<ul class=\"wp-block-list\">\n<li><a href=\"https:\/\/www.colegioacademos.com\/ensino\/#\"><br><\/a>\u00a0Refeit\u00f3rio\u00a0<\/li>\n\n\n\n<li><a href=\"https:\/\/www.colegioacademos.com\/ensino\/#\"><br><\/a>\u00a0Laborat\u00f3rio de Inform\u00e1tica\u00a0<\/li>\n\n\n\n<li><a href=\"https:\/\/www.colegioacademos.com\/ensino\/#\"><br><\/a>\u00a0Atividades\u00a0<\/li>\n\n\n\n<li><a href=\"https:\/\/www.colegioacademos.com\/ensino\/#\"><br><\/a>\u00a0Atividades\u00a0<\/li>\n<\/ul>\n\n\n\n<p>O Sistema Integral Academos \u00e9 uma proposta de ensino em que o aluno permanece na escola durante dois turnos, cumprindo tanto as atividades curriculares (que s\u00e3o trabalhadas no per\u00edodo da tarde), como as atividades esportivas e l\u00fadicas (que s\u00e3o trabalhadas em contra turno \/ manh\u00e3).<br>\u00c9 uma tend\u00eancia de ensino moderno estimulada pelas caracter\u00edsticas de vida e necessidade da fam\u00edlia nos tempos atuais. O per\u00edodo integral tem sido uma solu\u00e7\u00e3o encontrada pelos pais para economizar tempo e oferecer aos seus filhos qualidade de vida.<strong>OBJETIVOS<\/strong><br>Atender aos pais que necessitam de uma escola que ofere\u00e7a o servi\u00e7o de per\u00edodo integral;<br>Oferecer as crian\u00e7as um ambiente prazeroso, limpo, seguro e atencioso com atividades diferenciadas onde elas possam aprender sobre si mesmas e o sobre mundo ao seu redor;<br>Proporcionar \u00e0s crian\u00e7as um ambiente onde o estudante que esteja construindo o conhecimento sinta-se estimulado para o processo de ensino-aprendizagem. Acreditando, dessa forma, que o conhecimento n\u00e3o \u00e9 o \u00fanico respons\u00e1vel para o desenvolvimento integral, \u00e9 preciso desenvolver as habilidades individuais e incentiv\u00e1-lo a construir autoconfian\u00e7a;<br>Proporcionar uma maior socializa\u00e7\u00e3o da crian\u00e7a;<br>Enriquecer as viv\u00eancias, adaptando-as ao mundo em transforma\u00e7\u00e3o;<strong>COMO FUNCIONA<\/strong><br>No per\u00edodo da manh\u00e3, os alunos participam de atividades manuais, l\u00fadicas, esportivas, sendo elas:<br>Teatro, Inform\u00e1tica, Culin\u00e1ria, Arte, Etiqueta, Hora da Atividade, Atividades Livres para os alunos de dois a cinco anos, Inform\u00e1tica, Hora da Tarefa, Programa de Estudos, Educa\u00e7\u00e3o Financeira, Educa\u00e7\u00e3o Alimentar, Xadrez, Culin\u00e1ria, Etiqueta, Arte, Etc.&nbsp;<\/p>\n\n\n\n<p><\/p>\n","protected":false},"excerpt":{"rendered":"<p>Educa\u00e7\u00e3o Infantil PRINCIPAIS PROJETOS\u2013 PSICOMOTRICIDADE;\u2013 TEATRO;\u2013 ARTES;\u2013 LEITURA;\u2013 SA\u00daDE;\u2013 CIDADANIA&nbsp;&nbsp; Ensino Fundamental Nessa fase do desenvolvimento o racioc\u00ednio l\u00f3gico, as express\u00f5es orais e escritas s\u00e3o bem trabalhadas e acompanhadas para evitarmos problemas de dificuldades de aprendizagem no futuro. No entanto, procuramos conhecer em que est\u00e1gio de desenvolvimento cognitivo, afetivo e social a crian\u00e7a se encontra para que possamos trabalhar corretamente as atividades que favorecer\u00e3o o bom desempenho do(a) aluno(a).As atividades sugeridas nessa fase de desenvolvimento s\u00e3o bem din\u00e2micas, diversificadas e competitivas, com experimentos, leituras, situa\u00e7\u00f5es problemas e atividades grupais . As experi\u00eancias de vida dos alunos s\u00e3o valorizadas. Nas s\u00e9ries terminais desse n\u00edvel de ensino, os exerc\u00edcios s\u00e3o constantes para que as crian\u00e7as possam exercitar mais ainda a sua aprendizagem.PRINCIPAIS PROJETOSIdentidade Cultural \u2013 valoriza\u00e7\u00e3o da nossa cultura , do nosso folclore e de toda nossa hist\u00f3ria.Nutri\u00e7\u00e3o e Sa\u00fade \u2013 Higiene, alimenta\u00e7\u00e3o, bem estar e qualidade de vida.Arte e Cultura \u2013 Incentivo \u00e0 cultura e produ\u00e7\u00e3o art\u00edstica.Incentivo a Leitura \u2013 Conhecimentos de autores e proporcionar o h\u00e1bito de leitura.Construindo a minha cidadania \u2013 Incentivo \u00e0 participa\u00e7\u00e3o social dos alunos, oportunizando o trabalho social e a conscientiza\u00e7\u00e3o.AULAS DE CAMPOAs aulas de campo que ser\u00e3o realizadas durante o ano, n\u00e3o t\u00eam como objetivo maior um passeio, onde as crian\u00e7as ir\u00e3o sair um pouco do col\u00e9gio para passear, e sim uma atividade que facilitar\u00e1 o processo de ensino-aprendizagem, as aulas interdisciplinares trazem toda a ess\u00eancia dos conte\u00fados te\u00f3ricos para situa\u00e7\u00f5es concretas e conseq\u00fcentemente fazem com que a aprendizagem ocorra de uma maneira significativa na vida das crian\u00e7as.O Col\u00e9gio Academos, visando proporcionar ao estudante a oportunidade de usufruir dessa metodologia, organiza juntamente com outras empresas e\/ou institui\u00e7\u00f5es, um programa de visitas que oferece ao aluno conhecimentos de natureza global de acordo com cada n\u00edvel de ensino.&nbsp; Ensino M\u00e9dio O Col\u00e9gio Academos parte na frente!Projeto pedag\u00f3gico voltado para o mercado de trabalho.Os alunos s\u00e3o estimulados a vivenciarem o problema e simular a solu\u00e7\u00e3o deste.Essa metodologia favorece o sucesso no mercado de trabalho e na qualidade de vida.PROJETOS\u2013 CAMPANHA DA FRATERNIDADE;\u2013 DIA INTERNACIONAL DA MULHER;\u2013 DIA DA POESIA;\u2013 ELEI\u00c7\u00d5ES DE L\u00cdDERES;\u2013 SEMANA DA SA\u00daDE;\u2013 SEMANA DO LIVRO(incentivo a leitura);\u2013 CONCURSO DE REDA\u00c7\u00c3O;\u2013 SEMANA DO MEIO AMBIENTE;\u2013 FESTA JUNINA;\u2013 COMEMORA\u00c7\u00c3O DO DIA DO ESTUDANTE;\u2013 PROJETO DE ORIENTA\u00c7\u00c3O VOCACIONAL (opcional)\u2013 DIA MUNDIAL DO COMBATE AO FUMO;\u2013 DIA DA P\u00c1TRIA;\u2013 AMOSTRA CULTURAL;\u2013 OLIMP\u00cdADA DE MATEM\u00c1TICA\u2013 VISITAS (de acordo com o conte\u00fado program\u00e1tico)\u2013 AULAS DE CAMPO.&nbsp;&nbsp; Sistema Integral \u2013 SIA O Sistema Integral Academos \u00e9 uma proposta de ensino em que o aluno permanece na escola durante dois turnos, cumprindo tanto as atividades curriculares (que s\u00e3o trabalhadas no per\u00edodo da tarde), como as atividades esportivas e l\u00fadicas (que s\u00e3o trabalhadas em contra turno \/ manh\u00e3).\u00c9 uma tend\u00eancia de ensino moderno estimulada pelas caracter\u00edsticas de vida e necessidade da fam\u00edlia nos tempos atuais. O per\u00edodo integral tem sido uma solu\u00e7\u00e3o encontrada pelos pais para economizar tempo e oferecer aos seus filhos qualidade de vida.OBJETIVOSAtender aos pais que necessitam de uma escola que ofere\u00e7a o servi\u00e7o de per\u00edodo integral;Oferecer as crian\u00e7as um ambiente prazeroso, limpo, seguro e atencioso com atividades diferenciadas onde elas possam aprender sobre si mesmas e o sobre mundo ao seu redor;Proporcionar \u00e0s crian\u00e7as um ambiente onde o estudante que esteja construindo o conhecimento sinta-se estimulado para o processo de ensino-aprendizagem. Acreditando, dessa forma, que o conhecimento n\u00e3o \u00e9 o \u00fanico respons\u00e1vel para o desenvolvimento integral, \u00e9 preciso desenvolver as habilidades individuais e incentiv\u00e1-lo a construir autoconfian\u00e7a;Proporcionar uma maior socializa\u00e7\u00e3o da crian\u00e7a;Enriquecer as viv\u00eancias, adaptando-as ao mundo em transforma\u00e7\u00e3o;COMO FUNCIONANo per\u00edodo da manh\u00e3, os alunos participam de atividades manuais, l\u00fadicas, esportivas, sendo elas:Teatro, Inform\u00e1tica, Culin\u00e1ria, Arte, Etiqueta, Hora da Atividade, Atividades Livres para os alunos de dois a cinco anos, Inform\u00e1tica, Hora da Tarefa, Programa de Estudos, Educa\u00e7\u00e3o Financeira, Educa\u00e7\u00e3o Alimentar, Xadrez, Culin\u00e1ria, Etiqueta, Arte, Etc.&nbsp;<\/p>\n","protected":false},"author":1,"featured_media":0,"parent":0,"menu_order":0,"comment_status":"closed","ping_status":"closed","template":"","meta":{"_joinchat":[],"footnotes":""},"class_list":["post-284","page","type-page","status-publish","hentry"],"_links":{"self":[{"href":"https:\/\/novosite.colegioacademos.com.br\/index.php\/wp-json\/wp\/v2\/pages\/284","targetHints":{"allow":["GET"]}}],"collection":[{"href":"https:\/\/novosite.colegioacademos.com.br\/index.php\/wp-json\/wp\/v2\/pages"}],"about":[{"href":"https:\/\/novosite.colegioacademos.com.br\/index.php\/wp-json\/wp\/v2\/types\/page"}],"author":[{"embeddable":true,"href":"https:\/\/novosite.colegioacademos.com.br\/index.php\/wp-json\/wp\/v2\/users\/1"}],"replies":[{"embeddable":true,"href":"https:\/\/novosite.colegioacademos.com.br\/index.php\/wp-json\/wp\/v2\/comments?post=284"}],"version-history":[{"count":2,"href":"https:\/\/novosite.colegioacademos.com.br\/index.php\/wp-json\/wp\/v2\/pages\/284\/revisions"}],"predecessor-version":[{"id":295,"href":"https:\/\/novosite.colegioacademos.com.br\/index.php\/wp-json\/wp\/v2\/pages\/284\/revisions\/295"}],"wp:attachment":[{"href":"https:\/\/novosite.colegioacademos.com.br\/index.php\/wp-json\/wp\/v2\/media?parent=284"}],"curies":[{"name":"wp","href":"https:\/\/api.w.org\/{rel}","templated":true}]}}